11 + w. What is the units digit of n?
8
What is the tens digit of (0 - 1/(-2))/((-26)/(-4472))?
8
Let u be (1 - -12)/(3/6). Let i = u - 14. What is the units digit of i?
2
Suppose 0 = -3*j + 212 - 2. What is the units digit of j?
0
Let c = 32 + -25. What is the units digit of c?
7
Suppose -12*z = -491 - 781. What is the tens digit of z?
0
Let t(v) be the third derivative of v**4/8 + v**3/3 + v**2. What is the tens digit of t(12)?
3
Let y = -143 + 250. What is the units digit of y?
7
Let s = 16 + -7. Let o = -1 - s. What is the units digit of (-8)/o*(-15)/(-3)?
4
Let s(r) = -r**2 + r + 27. Suppose 2*o + 2 = 0, 3*a - 4*o = 1 + 3. What is the units digit of s(a)?
7
Suppose -4 + 29 = 5*m. Suppose 4*b = -8, -51 = m*u - 10*u + 3*b. What is the units digit of u?
9
Let f(p) = -3 - 6 - p + 3. Let o be f(-5). What is the units digit of 8 - (-2 - (o - 1))?
8
What is the units digit of (-4)/20 + 2 + (-22)/(-10)?
4
Let p(y) = -4*y - 2. Let m be p(-3). Suppose -t + g = -m, g + 8 = 2*t - 16. Suppose -x = x - t. What is the units digit of x?
7
Let r(d) = -15*d**3 - 4*d**2 - 2*d - 2. What is the units digit of r(-3)?
3
What is the hundreds digit of (248/(-6))/(((-4)/4)/3)?
1
Let r(a) = -3*a**3 + a**2 - 2*a - 1. What is the units digit of r(-5)?
9
Suppose 4*j + j - 10 = 0, -3*j + 5 = -c. Let z = -5 + c. What is the units digit of (2/z)/(2/(-8))?
2
Suppose 0 = -g - 2*g. Suppose 0 = -g*h - 3*h - 15. Let m = 6 + h. What is the units digit of m?
1
Suppose 2*p + 2*m - 2 = 0, -p + 10 = 3*p + 2*m. Let r(h) = 5*h + 2. What is the tens digit of r(p)?
2
Suppose 2*o - 122 - 162 = 0. What is the tens digit of o?
4
Suppose 6*k = 3*k + 6. Suppose 0 = k*i + 8, -17 = 2*y - 2*i - 5. What is the units digit of y/(-3)*6/4?
5
Suppose 0 = r + v - 63, 4*r + 164 = -5*v + 416. What is the tens digit of r?
6
Let l(v) = v**3 - 10*v**2 - 6*v - 24. What is the tens digit of l(11)?
3
Suppose 2*v = -5*m + 64, v + 5*m - 4*m - 26 = 0. Suppose -h = h - 124. Suppose -v + h = 5*u. What is the units digit of u?
8
Let o(s) = 12*s**2 - 1. Let p = -10 + 9. What is the tens digit of o(p)?
1
Suppose -5*m + 0*m + 175 = 0. What is the units digit of m?
5
Suppose 0 = 21*n - 27*n + 906. What is the hundreds digit of n?
1
Let d = -5 + 10. Suppose -v + d*v - 456 = -t, -2*v = 3*t - 228. Suppose -4*m + v - 46 = 0. What is the tens digit of m?
1
Let g = -111 - -248. What is the tens digit of g?
3
Let f(q) = q**3 - 8*q**2 - 8*q + 6. Suppose 0 = 9*g - 12*g + 27. What is the units digit of f(g)?
5
Suppose 0 = -4*i - 109 - 135. Let q = -24 - i. What is the units digit of q?
7
Suppose 6 - 110 = -2*x - j, 2*j = 0. What is the units digit of x?
2
Suppose 0*w + 3*w + 13 = 4*c, -c = -4*w. Let q = c - -33. What is the units digit of q?
7
Let r = -4 - -5. Let a be 0 - (-1 - r - 4). Suppose -a*f = -f - 20. What is the units digit of f?
4
Suppose -5*c = -6*c. Suppose 4*o - 3*o - 1 = c. What is the units digit of o?
1
Suppose -3*z + 2*p + 58 = z, z - 12 = -2*p. Let l be (-66)/z - 2/7. Let b(i) = -i + 3. What is the units digit of b(l)?
8
Suppose 7*t - 4*t = 6. Suppose 5*k - 4*j = 163, t*k = -j + 16 + 44. What is the units digit of k?
1
Let r(s) = -s**3 - 3*s**2 + 4*s + 6. What is the units digit of r(-4)?
6
Let v(t) = -t + 3. Let d(s) = 1. Let x(n) = -5*d(n) + v(n). What is the units digit of x(-4)?
2
Let p = -3 - 0. Let f = p - -2. Let v(g) = -5*g - 1. What is the units digit of v(f)?
4
Let l = 0 - -3. Suppose -2*k - 4*t = t + 7, 5*k - l*t - 60 = 0. What is the units digit of k?
9
Suppose -9*b - b = -560. What is the units digit of b?
6
Suppose -86 - 255 = -t. What is the tens digit of t?
4
Suppose n - 174 = -4*f, 3*n + 55 - 5 = f. What is the tens digit of f?
4
What is the hundreds digit of (-9)/6 + (-3524)/24*-3?
4
What is the units digit of (15/10)/((-3)/((-6)/1))?
3
Let d be (-3 + -2 + 4)*-1. Suppose 2*w - 37 = -3*n, -5*n - 8 = 4*w - 81. What is the units digit of d/(-2) - w/(-2)?
8
Let j(f) be the first derivative of 1 + 0*f + 4/3*f**3 - 1/2*f**2. What is the units digit of j(1)?
3
Let c(k) = -k + 6. Let w be -10*(-2)/(-4)*-1. Let n be c(w). Suppose g - n = -0. What is the units digit of g?
1
Suppose -20 + 90 = -5*d. Let b(u) = -3*u - 18. What is the tens digit of b(d)?
2
Suppose -3*k = -322 + 16. What is the tens digit of k?
0
Let o = 3 + -5. Let v be (-10)/(-4) + 1/o. Suppose 23 = -3*n + 6*n - v*s, -n - 4*s = -17. What is the units digit of n?
9
Suppose -3*s + 0*s + 3*l + 66 = 0, 5*s - l = 114. What is the tens digit of s?
2
Suppose 3*r - 89 - 40 = 0. What is the units digit of r?
3
Let w be 4 + 0 - (2 - 0). Suppose 0 = -u + w*u - 30. Suppose 5*q - u = -2*c + 5, 2*q = c + 14. What is the units digit of q?
7
Suppose -5*f + 11 = 41. Let d = f - -15. What is the units digit of d?
9
Suppose 0 = 2*o + 3*a + 26, -o + 4*a + 6 = 19. Let j = o + 28. What is the tens digit of j?
1
Let s(x) = 164*x**2 - 5*x - 3. What is the tens digit of s(-1)?
6
Let m(k) = k**3 + 3*k**2 + k + 1. Let w be m(-2). What is the units digit of -3 - (24/(-2))/w?
1
Let d = -8 - 25. Let g = d - -64. What is the units digit of g?
1
Suppose 0 = 4*p + 5*j - 555, 0 = -p - 3*j - 2*j + 135. What is the hundreds digit of p?
1
Let j(q) = 5*q**3 - q**2 + q - 1. Let f be j(1). Suppose 1 = f*h - 3*p, p - 13 = -3*h + h. What is the units digit of h?
4
What is the units digit of (2/((4/(-57))/2))/(-1)?
7
Let p(r) = -4*r + 58. What is the tens digit of p(-5)?
7
Suppose q = -0*i + i + 7, 3*i = -2*q - 46. What is the units digit of -4 - i - -1 - 1?
8
Suppose -4 + 6 = 2*k. Let o = 0 + k. What is the units digit of o?
1
Let d = 7 + -19. Let z = 33 + d. What is the units digit of (-3)/6 + z/6?
3
Let t = -205 + 579. What is the hundreds digit of t?
3
Let y be 6/24 + 258/(-8). Let r = y - -46. What is the units digit of r?
4
Let c = -9 + 18. Let j = c + -3. What is the units digit of j?
6
Let g(c) = c**3 + 7*c**2 - 15*c + 8. What is the hundreds digit of g(-6)?
1
What is the tens digit of 0 - -227 - (24 + -28)?
3
Suppose 3*r = -3*q + 9, 0*r - 3*q = r - 3. Let w = 4 + -8. What is the units digit of (1*-3)/(r/w)?
4
Suppose -5*l - 6 = -106. Suppose -i - 3*i + l = 0. What is the units digit of i?
5
Let o be -1 + 2 + (-14 - -2). Let p = 15 + o. Suppose -2*f + 12 = 5*r + 1, -3*r + 15 = p*f. What is the units digit of f?
3
Suppose 0*n + n = 126. What is the tens digit of n?
2
Let x(q) = -q + 2. Let g be x(2). Suppose -y - 34 = -3*a, 3*y + 12 = -g*y. What is the tens digit of a?
1
Suppose -3 = 3*g - 9. Suppose 0 = -3*m - g + 8. What is the units digit of m?
2
Let x be (-212)/(-8) + 1/2. What is the units digit of (-6)/x + (-436)/(-18)?
4
Suppose 0 = -16*r - 2078 + 6590. What is the tens digit of r?
8
Let i be ((-2)/(-5))/((-4)/(-240)). Let s = i - 9. What is the units digit of 3/s - 19/(-5)?
4
Let l(k) = -7*k + 2. What is the units digit of l(-2)?
6
Suppose 3*g = m + 19, 3*g = -0*m - m + 11. What is the units digit of 44/5 - m/20?
9
Let d be (-1 + 5 - -1) + -1. Let i = d + -1. Suppose i*w - 2*m = -4*m + 42, -4*w - m + 51 = 0. What is the tens digit of w?
1
Suppose -3*x = 2 - 8. Suppose 3*j - 5*c = 3, j + 0*c = -x*c + 1. What is the units digit of j?
1
Suppose -5*p + 2 = -5*x - 18, -3*x = 3*p - 6. Suppose -p*h + 9 = -6. Suppose 15 = 5*o - h. What is the units digit of o?
4
Let b = -12 + 7. What is the units digit of b + (-9)/(-3) - -3?
1
Let z(b) = -5*b - 5. What is the units digit of z(-6)?
5
Let i be (1 - -3)*(-450)/(-24). Suppose -4*y + y + i = 0. What is the units digit of y?
5
Suppose 5*s - 7*s + 140 = 0. What is the units digit of s?
0
Let w = -4 + 3. Let t be 47 - (w - 0) - 2. Suppose 0*m = -2*m - 3*j + 24, 5*m + 4*j - t = 0. What is the units digit of m?
6
Suppose -4*q = -9 + 57. What is the units digit of 1/(1/(-3)) - q?
9
What is the tens digit of ((-8)/(-12) - 2/3) + 137?
3
Suppose 21 = 3*v + a, 2*v + 0*v = -a + 15. Suppose 2*s = -2*j + 8, s - 1 + v = 2*j. Suppose j*r + r - 7 = 3*i, 2*i - 10 = -r. What is the units digit of r?
4
Let j be 17/(-2)*(-6)/3. Suppose -2*d - 3*w + j = 0, 2*d = 6*w - 2*w - 4. Suppose -d*b + 46 = 14. What is the units digit of b?
8
What is the units digit of (6/12)/(2/116)?
9
Let s(g) = -g**3 - 5*g**2 + g - 1. Let z be s(-5). What is the units digit of ((-16)/(-10))/(z/(-15))?
4
Let v = -1 + 3. Suppose -4*u + 3*j = -6, -j - 2 = 4*u - 2*u. L